-2*b. What is the units digit of b?
4
Let u be 0/(-13)*2/10. Suppose 5*h - 1064 = m - 3*m, u = -5*m + 5*h + 2590. What is the hundreds digit of m?
5
Let d be ((-112)/88)/7 + 7308/22. Let w = -130 + d. What is the hundreds digit of w?
2
Let x(c) = -4*c**2 + 110*c + 59. Let s be x(28). Let n(g) = 260*g + 11. What is the units digit of n(s)?
1
What is the units digit of (-18728)/(-4) + -7 - (-171)/(-19)?
6
Let m(c) = -3*c + 6. Let o be m(0). Suppose -30*k = -33*k + o. Suppose y - u = 2*u + 87, -k*y - 4*u + 164 = 0. What is the units digit of y?
4
Suppose 8*b = 4108 - 492. Suppose 4*w - b = 348. What is the hundreds digit of w?
2
Suppose -3*p + 2*t - 165 = 2645, 1874 = -2*p + 2*t. Let d = -669 - p. Suppose -22 = 5*i - d. What is the tens digit of i?
4
What is the units digit of (-6404)/9*-23 + 10 + 1232/(-126)?
6
Suppose i + 30176 - 84854 = 7*n, -5*n = -3*i + 163970. What is the units digit of i?
0
Let h be (1/(10/8))/(2/15). Let i(l) = 2*l**2 + 2 + 1 + 3*l + h. What is the tens digit of i(-3)?
1
Suppose 5*t = 4*p - 22, -t = 2*p + 1 - 5. Suppose -3*v - 29 = -c, -5*c + 145 = v + p*v. What is the tens digit of c?
2
Let v(g) = -2*g**2 + 27*g - 10. Let c be v(13). Suppose -2*m = 2*i - 676 - 370, c*i = -m + 1571. Let t = i + -320. What is the hundreds digit of t?
2
Suppose -101*t = -2592043 - 1437821 + 215599. What is the thousands digit of t?
7
Let n(p) = 24*p + 3 - 2*p**2 - 4*p**2 - 25*p + 5*p**2. Let z be n(0). Suppose 0 = -z*s + 44 + 133. What is the units digit of s?
9
Let m(s) = -s**2 + 14*s - 15. Let q(u) = 10 + 19*u - 3*u**2 - 7*u - u**2 + 2*u**2. Let k be q(6). What is the units digit of m(k)?
5
Suppose 0 = -0*f + f - 2. Suppose 3*h = 4*t - 28, -12 - 12 = -t + 5*h. Suppose 39 = g - 3*a, f*g - 6*g - t*a + 92 = 0. What is the tens digit of g?
2
Suppose 5*l = 7*l - 140. Suppose 2*k = 794 - l. Let y = -237 + k. What is the tens digit of y?
2
Suppose 8944 = 2*v + 2*k, -17888 = -4*v + 18*k - 15*k. What is the thousands digit of v?
4
What is the units digit of (-1 - (-2 + 7)) + 34065 + -41?
8
Suppose 0 = 5*w - 3254 + 1034. Suppose -28*m + 25*m - w = 0. Let h = 213 + m. What is the tens digit of h?
6
Let o(p) = 4*p**2 + 2*p + 6. Let r be o(8). Suppose 0 = i + 1 - r. Let h = -127 + i. What is the tens digit of h?
5
Suppose 30*z - 5*z - 50 = 0. Suppose x + z*w = 1033, 2*w + 4917 - 765 = 4*x. What is the thousands digit of x?
1
Let m(l) = l**2 - 30*l - 49. Let n be m(33). Suppose -n*b = -52*b + 306. What is the hundreds digit of b?
1
What is the units digit of 96686*(8 - (-1 - (-85)/10))?
3
What is the tens digit of (1323/(-49))/((-2)/(3336/5013) - -3)?
0
Suppose 3*s + 5*t = 13566 - 4425, 4*s = -3*t + 12188. Suppose 9*w - s = -896. What is the hundreds digit of w?
2
Let x be 530/9 + 18/162. Suppose u - 34 = -l, -2*u - x + 155 = -5*l. What is the units digit of u?
8
Suppose 4*g + 9*c - 63800 = 7*c, 0 = 3*g - 2*c - 47829. What is the tens digit of g?
4
Suppose -2*d - 3600 = 14*d. Let j = d + 304. What is the units digit of j?
9
Let i = -14 + 2. Let a be (2 + (-10)/4)*i. What is the units digit of 176*1 - (-3 - -6 - a)?
9
Let c be (-762)/(-27) + (-4)/18. Suppose -16 = -2*y - c. What is the tens digit of (2 + y + -1)*38/(-2)?
9
Let t be (-4)/3*(-6)/4. Let h(o) = o + 3. Let u(d) = -61*d + 12. Let b(c) = 6*h(c) - u(c). What is the tens digit of b(t)?
4
Let u be (-3)/(1 + -4)*467. Let x = u - 333. What is the hundreds digit of x?
1
Suppose 4*k - 1766 = 198. Let l(a) = 7*a**3 - 8*a**2 - 13*a. Let p be l(-3). Let j = k + p. What is the tens digit of j?
6
Suppose -44*n + 4275002 = 11*n + 79*n. What is the hundreds digit of n?
9
Let u = 43234 + -24754. What is the units digit of u?
0
Let b(s) = -4*s**3 - 15*s**2 - 17*s - 12. What is the thousands digit of b(-10)?
2
Let s(f) be the second derivative of 7*f**3/3 + 61*f**2/2 - 2*f - 16. What is the tens digit of s(15)?
7
Let k(g) = g**3 - 7*g**2 + 4*g - 5. Let v be k(5). What is the hundreds digit of v/(-140) - (-1335)/4?
3
Let m(i) = 221*i + 728. What is the hundreds digit of m(10)?
9
Let r(h) = -h**2 - 2*h - 3. Let k be r(13). Let g = k + 122. Let j = g + 199. What is the units digit of j?
3
Let a(x) = x**2 + 9*x - 48. Let q be a(-14). Suppose -q*y = -15*y - 1309. What is the hundreds digit of y?
1
Suppose 10*c - 148966 = -o + 553991, -5*c = o - 351482. What is the units digit of c?
5
Suppose 0 = 2*h - 5*g - 8313 - 21240, 0 = -5*g + 15. What is the hundreds digit of h?
7
Suppose 0 = -37*a + 304063 - 404. What is the hundreds digit of a?
2
Let h(t) = -53*t**3 + 4*t**2 - 8*t + 16. What is the hundreds digit of h(-6)?
6
Let t = -370 - -397. Suppose t*x - 2991 = 24*x. What is the units digit of x?
7
Suppose -4*d = 2*j - 50, -d = -5*j + 3*j + 35. Let q(b) = -b**3 + 21*b**2 + 8*b + 13. What is the tens digit of q(j)?
8
What is the ten thousands digit of (3/(-6))/(2/4) + (39 - -11189)?
1
Suppose -2*i + 33 = 17. Let t be ((-18)/i)/(2/848*-3). Let r = -218 + t. What is the units digit of r?
0
Let d(g) = -828*g**3 + 13*g**2 + 28*g + 2. What is the tens digit of d(-2)?
2
Suppose 18 + 7 = -5*i, 0 = 3*o + 2*i - 2714. Let j = -645 + o. What is the units digit of j?
3
Suppose -v - 4*v - 2*h = -1434, 3*v - 854 = 2*h. Let q = v - 82. What is the tens digit of q?
0
Let v(u) = -15*u + 1344. Let q be v(65). Let f(x) = 8*x**3 + 4*x + 1. Let d be f(-3). Let p = d + q. What is the hundreds digit of p?
1
Let t(k) = 9*k + 62. Let o be t(6). Suppose -184 = -117*u + o*u. What is the tens digit of u?
8
Suppose 2730 + 16208 = 70*p - 30482. What is the hundreds digit of p?
7
What is the hundreds digit of 534/(-5)*(11750/(-20))/47?
3
Let z = -1748 + 2442. Suppose -3*b - 1 = -7. Suppose 4*n = 3*w - 517, -4*w + z = b*n - 5*n. What is the units digit of w?
5
Suppose 0 = -3*v - 3 + 6. Let q be (v - 0) + -3 + -4. What is the units digit of ((-8)/(-10))/(q/(-45))?
6
Let h be -2 - (-5 - -1*52). Suppose -5*u = -15, -5*y = 5*u - 1113 + 348. Let b = h + y. What is the hundreds digit of b?
1
Suppose -4*p + 2*z = -96366, -p + 27*z = 24*z - 24079. What is the tens digit of p?
9
Suppose 2064 + 392 = -8*x. Let p = x + 634. What is the hundreds digit of p?
3
Let h(o) = -16276*o + 662. What is the ten thousands digit of h(-5)?
8
Let l(o) = -o**2 + 5*o + 16. Suppose -5*w + 2*w = 3, 2*y - 28 = -2*w. Let q(t) = -t**3 + 15*t**2 + 6. Let h be q(y). What is the tens digit of l(h)?
1
Suppose -19*a = -22*a + 180. Suppose 0 = -11*v - a + 1050. Suppose g = v + 31. What is the hundreds digit of g?
1
Suppose 0 = -5*t + 5*o + 230, -2*o = -5*t - 0*o + 218. What is the hundreds digit of (-32949)/t*(-8)/12?
5
Suppose 2*o + 32 = -3*o - 3*a, 3*o - 2*a = -4. Let n(p) = 58*p**2 + 26*p + 82. What is the units digit of n(o)?
6
Let b(d) = -5*d + 7. Let x be b(8). Let h = -33 - x. Suppose h = -4*a + 4, 2*j - 211 = a - 2*a. What is the units digit of j?
5
Suppose -10*k = -4*p - 6*k + 512, -1 = -k. What is the tens digit of p?
2
Let f be 12/42 + 30230/35. Suppose -3*y + 1022 + 775 = 0. Let k = f - y. What is the tens digit of k?
6
Suppose -4*o + 516 = 2*h, -5*o = -8*o + 2*h + 387. Suppose 16*y = o + 9583. What is the tens digit of y?
0
What is the units digit of 52088 + -4 + 2 + (-17 - -8)?
7
Let b be 4/(-26) + 1/39*123. Let j be -1 + b + 9 - 3. Suppose g - 5*x - 118 = j, -2*g + 267 = 5*x. What is the units digit of g?
1
Suppose 3*c - 46 = 2*s, -3*s = -s + c + 54. Let a = s + 26. Suppose a = n - 0 - 28. What is the tens digit of n?
2
Let o = -46 + 118. Let w = o + -68. What is the tens digit of (-44)/w*(-2 - 8 - -3)?
7
What is the thousands digit of (0 - 55)*(-822)/5?
9
Let f(h) = -2*h**2 - 2*h + 76. Let l be f(10). Let r = l - -212. What is the tens digit of r?
6
Suppose 5*y - 2856 = -3*h + 480, -y = -3. What is the tens digit of h?
0
Let x(c) = -c**3 - 10*c**2 + 10*c + 7. Let i be x(-11). Suppose 0 = -h + 37 + i. Suppose h = t + 2*a, t - 5*a - 8 = 68. What is the tens digit of t?
6
Let x(i) = -i**2 + 11*i - 7. Let l be x(10). Suppose 0*g - 4*g + r - 116 = 0, -42 = g + l*r. Let s = 39 + g. What is the units digit of s?
9
Let t be (-1584)/(-10) - (-4)/(-10). Let l = 6871 + -6972. Let q = l + t. What is the units digit of q?
7
Let z(g) = -171*g**2 + 85*g**2 - g + 23 + 84*g**2. Let q be z(0). Let s = q - -64. What is the units digit of s?
7
Let u(n) = 705*n**2 + 25*n + 172. What is the